?
False
Suppose 0*p - 5*f = -2*p + 452, -5*f = 4*p - 874. Is p composite?
True
Let s(y) = -21*y - 41. Is s(-20) prime?
True
Let w(y) = y**3 + 15*y**2 + 9*y - 12. Is w(-7) a prime number?
True
Let b be 2/(-7) - 348/7. Suppose -249 = -2*f - f. Let z = f + b. Is z a prime number?
False
Let m(i) = 2254*i**2 - 2*i - 3. Is m(-1) a composite number?
True
Suppose -4*q - 16 = -40. Suppose k = q*k - 20. Is k prime?
False
Suppose -2*t - t + 6 = 0. Suppose -b - t*b = -3. Suppose -w - 2*h + 48 = 0, -4*w - b = -h - 148. Is w composite?
True
Let r = -2280 + 3619. Is r composite?
True
Suppose -5*h = -3*d + 29, 5*d + h - 9 - 2 = 0. Let f(w) = w**2 - 3*w + 9*w + 0*w + d. Is f(-8) composite?
False
Let d = 1550 - 291. Is d prime?
True
Is 2/4*(3107 - -3) a composite number?
True
Let g = -45 - -66. Is (-6)/21 + 1413/g a prime number?
True
Let z(i) = -i**3 - 6*i**2 - 5*i - 3. Let g be z(-4). Let u = -10 - g. Suppose -2*f + 45 = u*a - 37, -4*a = -5*f + 139. Is f prime?
True
Suppose 15 = 5*b, 4*z + 0*b = 5*b + 2633. Is z a prime number?
False
Let n = 147 - 18. Suppose 40 = c - k, 62 = 5*c - 2*k - n. Is c composite?
False
Suppose 3*w + w + i = 1233, 639 = 2*w + 5*i. Let u = 452 - w. Is u a composite number?
True
Suppose 7*j = 2*j - 415. Let o = 130 + j. Is o prime?
True
Suppose 2*p = 1 - 13. Is p/4*1016/(-12) prime?
True
Let i be -1*1*(-9)/3. Suppose -i*m + 8*m = 10. Suppose -5*u - 35 = -n, 5*n - m*u - 20 = 4*n. Is n composite?
True
Let t(x) = -x**2 - 22*x - 16. Let q be ((-2)/4)/(2/60). Is t(q) a composite number?
False
Suppose 0 = -2*k - 6*k + 13928. Is k a composite number?
False
Let z = 116 - 74. Suppose -4*b + b = -z. Is b composite?
True
Suppose 5*w + 11807 = 30742. Is w a composite number?
True
Let j(t) = -t**2 + t + 2. Let n be j(3). Let o be 0 + n/(0 + 2). Is 1 - (-11 - (4 + o)) prime?
False
Let q = -25 + 25. Suppose 4*a - 849 = -m, 4*m + 12 = -q. Is a a composite number?
True
Is -1 + -3*(-119)/3 composite?
True
Suppose 11*v = 8*v + 657. Is v a composite number?
True
Suppose 3*k = -3*w + 540, -2*w + 894 - 9 = 5*k. Let o = k - -78. Is o prime?
False
Let x = 926 - 313. Is x composite?
False
Let v(t) = 3*t**2 + 10*t. Let h be v(-7). Suppose -5*d = -h - 43. Is (-333)/(-4) - 6/d a composite number?
False
Suppose -3*z - 176 = -2069. Is z composite?
False
Let c(t) = t**3 - 12*t**2 + 13*t - 18. Let k be c(12). Suppose -r = -85 - k. Is r a prime number?
True
Suppose -3*g - 3*g + 846 = 0. Is g a composite number?
True
Is 2/4 + (-8484)/(-8) a composite number?
False
Suppose g - 298 = -g. Is g a prime number?
True
Let a(k) = 19*k**3 - 3*k**2 - 3*k. Is a(5) composite?
True
Let r(o) = -21*o**2 - o + 3. Let x be r(-3). Let l = -86 - x. Is l composite?
False
Suppose -7*m - 20 = -2*m, m - 1 = -z. Suppose -103 + 713 = z*b. Suppose 5*j + b = -o + 3*o, -j - 208 = -4*o. Is o a prime number?
False
Let i(f) = -1 - 2 - f - 1 - 4*f. Let s be -1*-14*(-1)/2. Is i(s) composite?
False
Suppose i - 5 - 27 = 0. Let a = 65 - i. Is a a prime number?
False
Let p(y) = 63*y**2 - 5*y + 2. Let b be p(4). Let u = -433 + b. Is u a composite number?
False
Let o(n) be the first derivative of -n**4/4 + n**3/3 - n**2/2 - n - 1. Let m be o(0). Is m*((0 - 1) + -14) prime?
False
Suppose z - 2*z - 7 = -2*h, -4*h - 5*z = -21. Is h/(-30) + (-16353)/(-135) composite?
True
Suppose 3*u + 6 = u + 4*y, 3*y - 24 = -5*u. Suppose 0*q - u*q = -57. Is q a composite number?
False
Suppose 5*o = 8*o. Suppose d - 18 - 19 = o. Is d composite?
False
Suppose -5*w + 57 = -4*x, 0 = -2*w + 5*w - 5*x - 29. Let b(o) = 3*o + 12. Is b(w) a composite number?
True
Let x be (2 - -2) + 3 + 155. Let l = x - -485. Is l a composite number?
False
Let o(w) = -5*w**2 + 5*w + 6. Let g be o(7). Is (5/(-10))/(2/g) composite?
True
Let c = -1 - -8. Is c composite?
False
Let h = 133 + -66. Is h a composite number?
False
Suppose 5*c - 6 = 3*z + 2*c, -c = -2*z - 3. Let q be 780/35 - 2/7. Let l = q + z. Is l prime?
False
Let g(f) = 4*f**2 + 4*f + 5. Let v = -14 + 10. Is g(v) a composite number?
False
Suppose 3*y + 477 = 2*z + 3470, 0 = 4*y - 2*z - 3990. Is y a composite number?
False
Let q = -530 - -1127. Is q a composite number?
True
Let i = -1 - 1. Let p(u) = 5*u - 4. Let x(r) = r - 1. Let f(q) = -3*p(q) + 12*x(q). Is f(i) a prime number?
False
Let g = 577 + 58. Is g a prime number?
False
Let w be (-3 + (3 - -1))*5. Let g(h) = 2*h**2 + 7*h - 6. Is g(w) prime?
True
Let x = -155 - -273. Is x composite?
True
Let h(w) = 3*w**3 - 6*w**2 - w + 7. Is h(8) a prime number?
True
Let q = -676 - -1563. Is q a composite number?
False
Suppose v = -5*p + 886, 2*v - 2 = -0*v. Let x = -100 + p. Suppose 0*z + z - x = 0. Is z prime?
False
Let a = 21 - 17. Suppose 2*t + 980 = 5*s - 3*t, a*s = 3*t + 779. Is s a composite number?
False
Let z(s) = -4*s**3 - 7*s + 1. Is z(-6) a composite number?
False
Let l = -134 + 316. Suppose -t = -3*t + l. Is t a composite number?
True
Suppose 4*v - 5*h = 31, v = 4*v - 4*h - 24. Let k be ((-30)/(-5))/((-1)/v). Is 17/4 + 6/k a composite number?
True
Let y be (519/(-12))/(1/(-12)). Suppose -4*z + t = -983, -3*t - 2*t = 2*z - y. Is z a prime number?
False
Suppose 5*d = 30 - 5. Suppose 5*a - d*j - 152 - 843 = 0, -5*a - 5*j + 1045 = 0. Suppose 2*k = 5*y - 413 + 144, -a = -4*y - 4*k. Is y prime?
True
Let f(l) = l**3 + 14*l**2 - 16*l - 1. Let o(p) = p + 1. Let b(h) = f(h) + 6*o(h). Is b(-10) a composite number?
True
Suppose -10 = 2*x, 5*x - 2*x = -5*d + 3680. Is d a prime number?
True
Let v = -3 - -8. Suppose 4*m - 6*m + v = r, -5*m - r = -14. Is m a prime number?
True
Suppose 2*d - d = 5*l - 1960, 2*d = -5*l + 1945. Is l prime?
False
Suppose -5*j + 3003 + 17222 = 0. Is j a prime number?
False
Let d(i) = 3*i**2 + 10*i + 1. Let j be d(11). Suppose j = -3*v + 1353. Is v prime?
True
Suppose -3*j + 29 = -28. Suppose -2*b = -4*y - 13 - 1, -y + j = 4*b. Suppose 0 = -k + b*k - 56. Is k a prime number?
False
Let y be 2/(-5) + 4/10. Suppose y*l - i - 28 = -l, i + 97 = 4*l. Is l a prime number?
True
Let k = -41 - -96. Suppose -2*z = 6, 4*x - 180 = 5*z + k. Is x composite?
True
Suppose 0 = -5*u + 4*h - 3 - 7, 3*h = -u - 2. Let o(z) = -17*z - 1. Is o(u) composite?
True
Suppose -2*m - 4 = -4*m. Let g(z) = 39*z - 1. Is g(m) a prime number?
False
Let n(p) = p**2 + 0 - 2 + 13*p + 2*p**2 - 5*p. Is n(-7) composite?
False
Let j(x) = 123*x + 7. Let h be j(6). Suppose -3*o + 5*i + 655 + h = 0, 3*o - i = 1396. Is (-2)/(-4) + o/10 a prime number?
True
Is -1 + -3 + 132 + (0 - -3) composite?
False
Let f = 5 + -3. Suppose 3*k + f*v = v + 283, 469 = 5*k + 3*v. Suppose 3*c - k = -2*c. Is c composite?
False
Let m = -144 - -215. Is m a prime number?
True
Let o be 6/4*2/1. Is 0 + (o - -163 - 3) prime?
True
Let q = -11 + 17. Suppose 0 = -q*h + h + 10. Is h composite?
False
Suppose 0 = -x + 35 + 20. Is x a composite number?
True
Suppose m + 6*m - 16219 = 0. Is m composite?
True
Let u be (-3 - -3)*(-1 - 0). Suppose u = 5*w + 5*v - 225, 3*w = v + 2*v + 123. Is w prime?
True
Let j = 497 - 262. Is j a prime number?
False
Let r(l) = -25*l + 16. Is r(-7) prime?
True
Let u(y) = 5*y**2 + 8. Is u(9) composite?
True
Suppose 19 = -v + 140. Let t = -189 + v. Let l = 115 + t. Is l a composite number?
False
Let m be 0/(-3) + 0/(-1). Suppose 4*b - 292 - 328 = m. Is b composite?
True
Suppose -5*t + 4*w = -2 + 6, 0 = 5*w - 5. Suppose t*l - 4*l + 712 = 0. Is l a composite number?
True
Let l(y) = -734*y + 3. Is l(-4) a composite number?
False
Let r(h) = h**3 + 3*h**2 - 7*h - 6. Let s be r(-4). Let o(q) = q**2 - 6*q - 2. Let l be o(s). Is (-1 + (0 - l))*49 a prime number?
False
Suppose 0 = -2*a + 6 - 0. Suppose -a*t + 1164 = t. Is t prime?
False
Let f(x) = 5*x - 1. Let d be f(-3). Let p be -1 - (-1)/(2/d). Is (-96)/p - 2/3 a composite number?
True
Let f(a) = a**2 + 7*a + 1. Let j(u) = u**3 - 5*u**2 - 3*u + 6. Let d be j(5). Let g be f(d). Let v = -9 + g. Is v prime?
False
Let q be 8/(-12) + 16/6. Let a(i) = -3*i + 1. Let c be a(-1). Suppose 2*x - 62 = 4*o, 3*x + c*o = -q*x + 197. Is x a prime number?
True
Let x(w) = -14*w**3 + 3*w**2 + 6*w + 2. Is x(-7) a composite number?
False
Let m(t) = -t - 6. Let o be m(-8). Suppose 0*i = o*i - 94. Is i a composite number?
False
Let v = 10 + 3. Suppose -v = -5*n + 22. Is n a prime number?
True
Let z = 52 + -36. Is (-46)/(-2) + z/(-4) composite?
False
I